base 5) to base 12.
3
What is 2 (base 9) in base 5?
2
13 (base 12) to base 9
16
-30 (base 7) to base 12
-19
Convert -6 (base 16) to base 7.
-6
367 (base 9) to base 15
154
14 (base 8) to base 10
12
What is 2 (base 5) in base 6?
2
What is 1 (base 5) in base 16?
1
452 (base 6) to base 10
176
Convert -11010 (base 2) to base 4.
-122
21 (base 10) to base 11
1a
-2 (base 15) to base 4
-2
31 (base 7) to base 9
24
-2 (base 5) to base 6
-2
-144 (base 5) to base 7
-100
Convert 7 (base 14) to base 5.
12
143 (base 8) to base 4
1203
What is 2 (base 7) in base 8?
2
Convert -19 (base 15) to base 8.
-30
What is 1 (base 12) in base 9?
1
6 (base 15) to base 5
11
What is 10 (base 2) in base 7?
2
Convert 12 (base 12) to base 8.
16
-4 (base 14) to base 6
-4
What is 3 (base 6) in base 2?
11
What is -8 (base 10) in base 13?
-8
What is -1 (base 12) in base 15?
-1
Convert 10 (base 4) to base 15.
4
What is 33 (base 15) in base 8?
60
What is 13 (base 10) in base 14?
d
What is 7 (base 11) in base 16?
7
What is -1 (base 9) in base 11?
-1
Convert -1 (base 3) to base 6.
-1
1 (base 2) to base 3
1
115 (base 13) to base 3
20221
-20 (base 13) to base 12
-22
Convert -10 (base 3) to base 13.
-3
Convert 4 (base 5) to base 12.
4
What is -14 (base 16) in base 11?
-19
Convert 10 (base 6) to base 12.
6
Convert 1011 (base 2) to base 5.
21
What is 1 (base 9) in base 4?
1
What is 10101101 (base 2) in base 11?
148
Convert 101000110 (base 2) to base 16.
146
-211 (base 3) to base 9
-24
What is -20 (base 13) in base 12?
-22
What is 39 (base 12) in base 2?
101101
What is 4 (base 10) in base 12?
4
-1201 (base 4) to base 13
-76
3 (base 9) to base 12
3
Convert 0 (base 13) to base 9.
0
Convert -3 (base 4) to base 7.
-3
Convert -10 (base 7) to base 6.
-11
511 (base 6) to base 9
227
352 (base 6) to base 8
214
Convert 10 (base 10) to base 9.
11
Convert -2 (base 10) to base 2.
-10
-2 (base 6) to base 7
-2
What is 26 (base 7) in base 10?
20
Convert 4 (base 8) to base 15.
4
Convert 1a (base 15) to base 12.
21
11001 (base 2) to base 15
1a
What is -5 (base 7) in base 11?
-5
Convert 76 (base 10) to base 4.
1030
Convert -142 (base 5) to base 4.
-233
Convert -13 (base 4) to base 11.
-7
-5 (base 15) to base 4
-11
What is -15c (base 15) in base 4?
-10320
What is -3 (base 11) in base 12?
-3
0 (base 12) to base 13
0
Convert -1 (base 7) to base 14.
-1
Convert -1 (base 14) to base 11.
-1
What is 1 (base 2) in base 7?
1
Convert 112 (base 3) to base 13.
11
What is 4 (base 5) in base 2?
100
1 (base 7) to base 3
1
What is 10 (base 3) in base 4?
3
What is -201 (base 3) in base 12?
-17
Convert 1 (base 13) to base 2.
1
What is -7 (base 15) in base 2?
-111
What is 0 (base 6) in base 5?
0
176 (base 13) to base 6
1122
Convert 26 (base 15) to base 7.
51
What is -2 (base 10) in base 7?
-2
Convert 30 (base 9) to base 7.
36
Convert -a (base 12) to base 16.
-a
-5 (base 13) to base 2
-101
Convert 10101 (base 2) to base 4.
111
30 (base 9) to base 8
33
What is -30 (base 4) in base 14?
-c
What is 85 (base 12) in base 8?
145
What is 1111000 (base 2) in base 12?
a0
What is 5 (base 7) in base 8?
5
What is 1213 (base 4) in base 7?
205
34 (base 7) to base 6
41
Convert 7 (base 14) to base 8.
7
Convert -2a (base 12) to base 13.
-28
Convert 9 (base 15) to base 11.
9
Convert 101011 (base 2) to base 5.
133
2 (base 14) to base 6
2
What is 1 (base 7) in base 15?
1
What is 40 (base 10) in base 11?
37
Convert -4 (base 12) to base 13.
-4
0 (base 10) to base 7
0
What is 1 (base 7) in base 6?
1
11 (base 7) to base 12
8
-22 (base 16) to base 3
-1021
Convert -2 (base 15) to base 4.
-2
Convert -235 (base 7) to base 16.
-7c
Convert -3 (base 8) to base 6.
-3
Convert -2 (base 8) to base 5.
-2
35 (base 10) to base 13
29
Convert -3012 (base 4) to base 5.
-1243
7 (base 14) to base 16
7
-64 (base 9) to base 3
-2011
What is -431 (base 5) in base 10?
-116
What is -2 (base 4) in base 13?
-2
Convert 157 (base 10) to base 14.
b3
Convert 1130 (base 6) to base 9.
330
What is -4 (base 12) in base 9?
-4
-2 (base 3) to base 7
-2
What is 4 (base 5) in base 16?
4
Convert -3 (base 13) to base 15.
-3
What is 5 (base 9) in base 8?
5
Convert -340 (base 8) to base 7.
-440
13 (base 9) to base 15
c
3 (base 13) to base 10
3
Convert 343 (base 5) to base 12.
82
Convert 11 (base 4) to base 13.
5
What is 1 (base 4) in base 2?
1
What is -100 (base 7) in base 3?
-1211
Convert 0 (base 6) to base 8.
0
Convert 24 (base 14) to base 11.
2a
4 (base 6) to base 15
4
Convert -11 (base 3) to base 6.
-4
-6 (base 16) to base 14
-6
Convert 1122 (base 3) to base 7.
62
Convert -1 (base 9) to base 15.
-1
10 (base 12) to base 8
14
What is 0 (base 2) in base 11?
0
Convert -12 (base 4) to base 8.
-6
What is -30 (base 5) in base 10?
-15
What is -2 (base 14) in base 4?
-2
2 (base 16) to base 12
2
-1 (base 3) to base 13
-1
3 (base 9) to base 6
3
Convert -13 (base 7) to base 5.
-20
What is 10 (base 5) in base 16?
5
9 (base 12) to base 9
10
35 (base 11) to base 7
53
Convert -14 (base 16) to base 13.
-17
95 (base 14) to base 8
203
What is -2103 (base 4) in base 12?
-103
-b (base 12) to base 5
-21
-2 (base 15) to base 3
-2
Convert 21 (base 14) to base 15.
1e
What is 2 (base 8) in base 3?
2
-14 (base 13) to base 16
-11
2 (base 12) to base 3
2
What is b0 (base 12) in base 15?
8c
What is 5 (base 6) in base 10?
5
Convert -10000 (base 2) to base 11.
-15
-111 (base 2) to base 12
-7
What is 2 (base 14) in base 3?
2
Convert -1113 (base 4) to base 7.
-153
-50 (base 6) to base 13
-24
-1d (base 14) to base 2
-11011
Convert -10 (base 2) to base 7.
-2
What is 100100 (base 3) in base 10?
252
What is -b3 (base 14) in base 16?
-9d
What is -22 (base 4) in base 3?
-101
What is 31 (base 10) in base 5?
111
43 (base 10) to base 16
2b
What is -1 (base 6) in base 12?
-1
Convert -1 (base 5) to base 8.
-1
What is 4 (base 8) in base 9?
4
Convert 10011 (base 3) to base 4.
1111
-11101 (base 2) to base 14
-21
What is 5 (base 6) in base 16?
5
What is -1 (base 9) in base 7?
-1
Convert -2221 (base 3) to base 10.
-79
What is -11 (base 4) in base 10?
-5
-1 (base 3) to base 8
-1
16 (base 8) to base 4
32
What is -20 (base 3) in base 15?
-6
-10 (base 14) to base 16
-e
3 (base 16) to base 8
3
-7 (base 15) to base 13
-7
Convert -12201 (base 3) to base 15.
-a4
What is 1 (base 9) in base 6?
1
What is 212 (base 10) in base 5?
1322
-1 (base 3) to base 10
-1
1101010 (base 2) to base 15
71
313 (base 4) to base 15
3a
Convert 4 (base 12) to base 7.
4
What is 21 (base 15) in base 11?
29
9 (base 15) to base 10
9
What is 3 (base 11) in base 7?
3
4 (base 10) to base 16
4
-2 (base 16) to base 7
-2
1 (base 8) to base 4
1
What is 50 (base 7) in base 10?
35
Convert 16 (base 10) to base 6.
24
Convert -4 (base 12) to base 11.
-4
9 (base 12) to base 11
9
Convert 3 (base 4) to base 3.
10
What is 4 (base 5) in base 12?
4
What is 136 (base 10) in base 8?
210
What is 3 (base 9) in base 4?
3
-2 (base 15) to base 3
-2
Convert -65 (base 7) to base 16.
-2f
Convert -11 (base 5) to base 11.
-6
What is 2212 (base 3) in base 2?
1001101
Convert 28 (base 9) to base 12.
22
-1012 (base 3) to base 16
-20
What is 0 (base 9) in base 12?
0
What is -100111100 (base 2) in base 9?
-381
Convert 6 (base 9) to base 7.
6
-1 (base 3) to base 15
-1
-111 (base 3) to base 4
-31
4d (base 14) to base 5
234
-3 (base 14) to base 8
-3
13 (base 15) to base 13
15
What is 137 (base 10) in base 5?
1022
What is -101 (base 3) in base 16?
-a
11 (base 4) to base 3
12
Convert -5 (base 7) to base 6.
-5
13 (base 14) to base 3
122
Convert -13 (base 9) to base 14.
-c
Convert c (base 14) to base 16.
c
Convert -5 (base 9) to base 10.
-5
Convert -2001 (base 3) to base 14.
-3d
Convert -53 (base 6) to base 3.
-1020
-3 (base 4) to base 7
-3
What is -3 (base 7) in base 16?
-3
Convert 117 (base 11) to base 15.
94
Convert -3 (base 9) to base 2.
-11
Convert 18 (base 9) to base 11.
16
43 (base 6) to base 9
30
What is -1 (base 4) in base 5?
-1
27 (base 9) to base 5
100
-41 (base 14) to base 13
-45
-62 (base 8) to base 16
-32
5 (base 10) to base 13
5
What is 2 (base 16) in base 12?
2
What is 6 (base 8) in base 15?
6
What is -1341 (base 5) in base 13?
-140
152 (base 6) to base 10
68
Convert 101 (base 4) to base 9.
18
Convert -100 (base 3) to base 16.
-9
What is -103 (base 16) in base 12?
-197
What is -1 (base 2) in base 4?
-